{"id":1411,"date":"2017-07-31T17:19:15","date_gmt":"2017-07-31T15:19:15","guid":{"rendered":"http:\/\/www.daempferklinik.de\/b2b-shop\/?page_id=1411"},"modified":"2017-11-02T15:03:09","modified_gmt":"2017-11-02T14:03:09","slug":"categories","status":"publish","type":"page","link":"https:\/\/www.daempferklinik.de\/b2b-shop\/categories\/","title":{"rendered":"Produkt Kategorien"},"content":{"rendered":"<p>[et_pb_section bb_built=&#8220;1&#8243; fullwidth=&#8220;off&#8220; specialty=&#8220;on&#8220;][et_pb_column type=&#8220;3_4&#8243; specialty_columns=&#8220;3&#8243;][et_pb_row_inner admin_label=&#8220;Row&#8220;][et_pb_column_inner type=&#8220;4_4&#8243; saved_specialty_column_type=&#8220;3_4&#8243;][et_pb_text _builder_version=&#8220;3.0.60&#8243; background_layout=&#8220;light&#8220; text_orientation=&#8220;left&#8220; border_style=&#8220;solid&#8220; module_alignment=&#8220;left&#8220;]<\/p>\n<h1>Exklusiv f\u00fcr B2B Partner der D\u00e4mpferklinik<\/h1>\n<p>Wir liefern die Essential Kits und Spezialwerkzeuge f\u00fcr Service und Wartung von MTB-Federelementen.<\/p>\n<p>[\/et_pb_text][et_pb_text _builder_version=&#8220;3.0.79&#8243; background_layout=&#8220;light&#8220; border_style=&#8220;solid&#8220; module_alignment=&#8220;left&#8220;]<\/p>\n<div class=\"woocommerce columns-4\"><ul class=\"products columns-4\">\n<li class=\"product-category product first\">\n\t<\/li>\n<li class=\"product-category product\">\n\t<\/li>\n<\/ul>\n<\/div>\n<h3>Die Essential Kits sind f\u00fcr unterschiedliche Federelemente erh\u00e4ltlich:<\/h3>\n<div class=\"woocommerce columns-4\"><ul class=\"products columns-4\">\n<li class=\"product-category product first\">\n\t<\/li>\n<li class=\"product-category product\">\n\t<\/li>\n<li class=\"product-category product\">\n\t<\/li>\n<\/ul>\n<\/div>\n<h3>Beliebte Essential Kits der D\u00e4mpferklinik:<\/h3>\n<p>[\/et_pb_text][et_pb_shop admin_label=&#8220;Shop &#8211; Featured Products&#8220; _builder_version=&#8220;3.0.79&#8243; type=&#8220;featured&#8220; columns_number=&#8220;0&#8243; orderby=&#8220;menu_order&#8220; \/][\/et_pb_column_inner][\/et_pb_row_inner][\/et_pb_column][et_pb_column type=&#8220;1_4&#8243;][et_pb_sidebar _builder_version=&#8220;3.0.60&#8243; area=&#8220;sidebar-1&#8243; orientation=&#8220;left&#8220; background_layout=&#8220;light&#8220; \/][\/et_pb_column][\/et_pb_section]<\/p>\n","protected":false},"excerpt":{"rendered":"<p>Exklusiv f\u00fcr B2B Partner der D\u00e4mpferklinik Wir liefern die Essential Kits und Spezialwerkzeuge f\u00fcr Service und Wartung von MTB-Federelementen. <div class=\"woocommerce columns-4\"><ul class=\"products columns-4\">\n<li class=\"product-category product first\">\n\t<\/li>\n<li class=\"product-category product\">\n\t<\/li>\n<\/ul>\n<\/div> Die Essential Kits sind f\u00fcr unterschiedliche Federelemente erh\u00e4ltlich: <div class=\"woocommerce columns-4\"><ul class=\"products columns-4\">\n<li class=\"product-category product first\">\n\t<\/li>\n<li class=\"product-category product\">\n\t<\/li>\n<li class=\"product-category product\">\n\t<\/li>\n<\/ul>\n<\/div> Beliebte Essential Kits der D\u00e4mpferklinik:<\/p>\n","protected":false},"author":1,"featured_media":0,"parent":0,"menu_order":0,"comment_status":"closed","ping_status":"closed","template":"","meta":{"_et_pb_use_builder":"on","_et_pb_old_content":"","_et_gb_content_width":""},"yoast_head":"<!-- This site is optimized with the Yoast SEO plugin v19.13 - https:\/\/yoast.com\/wordpress\/plugins\/seo\/ -->\n<title>Produkt Kategorien - D\u00e4mpferklinik B2B-Shop<\/title>\n<meta name=\"robots\" content=\"index, follow, max-snippet:-1, max-image-preview:large, max-video-preview:-1\" \/>\n<link rel=\"canonical\" href=\"https:\/\/www.daempferklinik.de\/b2b-shop\/categories\/\" \/>\n<meta property=\"og:locale\" content=\"de_DE\" \/>\n<meta property=\"og:type\" content=\"article\" \/>\n<meta property=\"og:title\" content=\"Produkt Kategorien - D\u00e4mpferklinik B2B-Shop\" \/>\n<meta property=\"og:description\" content=\"Exklusiv f\u00fcr B2B Partner der D\u00e4mpferklinik Wir liefern die Essential Kits und Spezialwerkzeuge f\u00fcr Service und Wartung von MTB-Federelementen. Die Essential Kits sind f\u00fcr unterschiedliche Federelemente erh\u00e4ltlich: Beliebte Essential Kits der D\u00e4mpferklinik:\" \/>\n<meta property=\"og:url\" content=\"https:\/\/www.daempferklinik.de\/b2b-shop\/categories\/\" \/>\n<meta property=\"og:site_name\" content=\"D\u00e4mpferklinik B2B-Shop\" \/>\n<meta property=\"article:modified_time\" content=\"2017-11-02T14:03:09+00:00\" \/>\n<meta name=\"twitter:card\" content=\"summary_large_image\" \/>\n<meta name=\"twitter:label1\" content=\"Gesch\u00e4tzte Lesezeit\" \/>\n\t<meta name=\"twitter:data1\" content=\"1\u00a0Minute\" \/>\n<script type=\"application\/ld+json\" class=\"yoast-schema-graph\">{\"@context\":\"https:\/\/schema.org\",\"@graph\":[{\"@type\":\"WebPage\",\"@id\":\"https:\/\/www.daempferklinik.de\/b2b-shop\/categories\/\",\"url\":\"https:\/\/www.daempferklinik.de\/b2b-shop\/categories\/\",\"name\":\"Produkt Kategorien - D\u00e4mpferklinik B2B-Shop\",\"isPartOf\":{\"@id\":\"https:\/\/www.daempferklinik.de\/b2b-shop\/#website\"},\"datePublished\":\"2017-07-31T15:19:15+00:00\",\"dateModified\":\"2017-11-02T14:03:09+00:00\",\"breadcrumb\":{\"@id\":\"https:\/\/www.daempferklinik.de\/b2b-shop\/categories\/#breadcrumb\"},\"inLanguage\":\"de\",\"potentialAction\":[{\"@type\":\"ReadAction\",\"target\":[\"https:\/\/www.daempferklinik.de\/b2b-shop\/categories\/\"]}]},{\"@type\":\"BreadcrumbList\",\"@id\":\"https:\/\/www.daempferklinik.de\/b2b-shop\/categories\/#breadcrumb\",\"itemListElement\":[{\"@type\":\"ListItem\",\"position\":1,\"name\":\"Home\",\"item\":\"https:\/\/www.daempferklinik.de\/b2b-shop\/\"},{\"@type\":\"ListItem\",\"position\":2,\"name\":\"Produkt Kategorien\"}]},{\"@type\":\"WebSite\",\"@id\":\"https:\/\/www.daempferklinik.de\/b2b-shop\/#website\",\"url\":\"https:\/\/www.daempferklinik.de\/b2b-shop\/\",\"name\":\"D\u00e4mpferklinik B2B-Shop\",\"description\":\"Alles f\u00fcr den MTB Suspension Service\",\"potentialAction\":[{\"@type\":\"SearchAction\",\"target\":{\"@type\":\"EntryPoint\",\"urlTemplate\":\"https:\/\/www.daempferklinik.de\/b2b-shop\/?s={search_term_string}\"},\"query-input\":\"required name=search_term_string\"}],\"inLanguage\":\"de\"}]}<\/script>\n<!-- \/ Yoast SEO plugin. -->","yoast_head_json":{"title":"Produkt Kategorien - D\u00e4mpferklinik B2B-Shop","robots":{"index":"index","follow":"follow","max-snippet":"max-snippet:-1","max-image-preview":"max-image-preview:large","max-video-preview":"max-video-preview:-1"},"canonical":"https:\/\/www.daempferklinik.de\/b2b-shop\/categories\/","og_locale":"de_DE","og_type":"article","og_title":"Produkt Kategorien - D\u00e4mpferklinik B2B-Shop","og_description":"Exklusiv f\u00fcr B2B Partner der D\u00e4mpferklinik Wir liefern die Essential Kits und Spezialwerkzeuge f\u00fcr Service und Wartung von MTB-Federelementen. Die Essential Kits sind f\u00fcr unterschiedliche Federelemente erh\u00e4ltlich: Beliebte Essential Kits der D\u00e4mpferklinik:","og_url":"https:\/\/www.daempferklinik.de\/b2b-shop\/categories\/","og_site_name":"D\u00e4mpferklinik B2B-Shop","article_modified_time":"2017-11-02T14:03:09+00:00","twitter_card":"summary_large_image","twitter_misc":{"Gesch\u00e4tzte Lesezeit":"1\u00a0Minute"},"schema":{"@context":"https:\/\/schema.org","@graph":[{"@type":"WebPage","@id":"https:\/\/www.daempferklinik.de\/b2b-shop\/categories\/","url":"https:\/\/www.daempferklinik.de\/b2b-shop\/categories\/","name":"Produkt Kategorien - D\u00e4mpferklinik B2B-Shop","isPartOf":{"@id":"https:\/\/www.daempferklinik.de\/b2b-shop\/#website"},"datePublished":"2017-07-31T15:19:15+00:00","dateModified":"2017-11-02T14:03:09+00:00","breadcrumb":{"@id":"https:\/\/www.daempferklinik.de\/b2b-shop\/categories\/#breadcrumb"},"inLanguage":"de","potentialAction":[{"@type":"ReadAction","target":["https:\/\/www.daempferklinik.de\/b2b-shop\/categories\/"]}]},{"@type":"BreadcrumbList","@id":"https:\/\/www.daempferklinik.de\/b2b-shop\/categories\/#breadcrumb","itemListElement":[{"@type":"ListItem","position":1,"name":"Home","item":"https:\/\/www.daempferklinik.de\/b2b-shop\/"},{"@type":"ListItem","position":2,"name":"Produkt Kategorien"}]},{"@type":"WebSite","@id":"https:\/\/www.daempferklinik.de\/b2b-shop\/#website","url":"https:\/\/www.daempferklinik.de\/b2b-shop\/","name":"D\u00e4mpferklinik B2B-Shop","description":"Alles f\u00fcr den MTB Suspension Service","potentialAction":[{"@type":"SearchAction","target":{"@type":"EntryPoint","urlTemplate":"https:\/\/www.daempferklinik.de\/b2b-shop\/?s={search_term_string}"},"query-input":"required name=search_term_string"}],"inLanguage":"de"}]}},"_links":{"self":[{"href":"https:\/\/www.daempferklinik.de\/b2b-shop\/wp-json\/wp\/v2\/pages\/1411"}],"collection":[{"href":"https:\/\/www.daempferklinik.de\/b2b-shop\/wp-json\/wp\/v2\/pages"}],"about":[{"href":"https:\/\/www.daempferklinik.de\/b2b-shop\/wp-json\/wp\/v2\/types\/page"}],"author":[{"embeddable":true,"href":"https:\/\/www.daempferklinik.de\/b2b-shop\/wp-json\/wp\/v2\/users\/1"}],"replies":[{"embeddable":true,"href":"https:\/\/www.daempferklinik.de\/b2b-shop\/wp-json\/wp\/v2\/comments?post=1411"}],"version-history":[{"count":15,"href":"https:\/\/www.daempferklinik.de\/b2b-shop\/wp-json\/wp\/v2\/pages\/1411\/revisions"}],"predecessor-version":[{"id":9460,"href":"https:\/\/www.daempferklinik.de\/b2b-shop\/wp-json\/wp\/v2\/pages\/1411\/revisions\/9460"}],"wp:attachment":[{"href":"https:\/\/www.daempferklinik.de\/b2b-shop\/wp-json\/wp\/v2\/media?parent=1411"}],"curies":[{"name":"wp","href":"https:\/\/api.w.org\/{rel}","templated":true}]}}